{"id":804,"date":"2021-05-22T23:13:32","date_gmt":"2021-05-22T23:13:32","guid":{"rendered":"https:\/\/puds.unr.edu.ar\/?page_id=804"},"modified":"2026-01-07T19:27:59","modified_gmt":"2026-01-07T19:27:59","slug":"unidiversidad","status":"publish","type":"page","link":"https:\/\/puds.unr.edu.ar\/?page_id=804","title":{"rendered":"uni(+di)versidad"},"content":{"rendered":"\n<blockquote class=\"wp-block-quote has-text-align-right is-layout-flow wp-block-quote-is-layout-flow\">\n<p>\u00abEsta publicaci\u00f3n surge y se sostiene a partir del PUDS, con el prop\u00f3sito de difundir nuevas perspectivas te\u00f3ricas, actualizar las vigentes y generar un espacio de producci\u00f3n e investigaci\u00f3n acad\u00e9mica para todxs lxs profesionales y estudiantes de la UNR, como as\u00ed tambi\u00e9n de otros \u00e1mbitos educativos que se interesen por la problem\u00e1tica. Por lo tanto, esta publicaci\u00f3n intenta constituirse como un espacio abierto al debate y al intercambio intelectual plural y diverso\u00bb<\/p>\n<cite>lxs editorxs. uni(+di)versidad 2014<br><br><\/cite><\/blockquote>\n\n\n\n<figure class=\"wp-block-gallery aligncenter has-nested-images columns-3 is-cropped wp-block-gallery-1 is-layout-flex wp-block-gallery-is-layout-flex\">\n<figure class=\"wp-block-image size-large\"><a href=\"https:\/\/puds.unr.edu.ar\/?p=176\"><img loading=\"lazy\" decoding=\"async\" width=\"724\" height=\"1024\" data-id=\"810\" src=\"https:\/\/puds.unr.edu.ar\/wp-content\/uploads\/2021\/05\/tapa1-724x1024.jpg\" alt=\"\" class=\"wp-image-810\" srcset=\"https:\/\/puds.unr.edu.ar\/wp-content\/uploads\/2021\/05\/tapa1-724x1024.jpg 724w, https:\/\/puds.unr.edu.ar\/wp-content\/uploads\/2021\/05\/tapa1-212x300.jpg 212w, https:\/\/puds.unr.edu.ar\/wp-content\/uploads\/2021\/05\/tapa1-768x1087.jpg 768w, https:\/\/puds.unr.edu.ar\/wp-content\/uploads\/2021\/05\/tapa1-1086x1536.jpg 1086w, https:\/\/puds.unr.edu.ar\/wp-content\/uploads\/2021\/05\/tapa1-1447x2048.jpg 1447w, https:\/\/puds.unr.edu.ar\/wp-content\/uploads\/2021\/05\/tapa1-700x990.jpg 700w, https:\/\/puds.unr.edu.ar\/wp-content\/uploads\/2021\/05\/tapa1-scaled.jpg 1809w\" sizes=\"auto, (max-width: 724px) 100vw, 724px\" \/><\/a><figcaption class=\"wp-element-caption\"><a href=\"https:\/\/puds.unr.edu.ar\/?p=176\"><strong>uni(+di)versidad 1<\/strong><\/a><\/figcaption><\/figure>\n\n\n\n<figure class=\"wp-block-image size-large\"><a href=\"https:\/\/puds.unr.edu.ar\/?p=37\"><img loading=\"lazy\" decoding=\"async\" width=\"724\" height=\"1024\" data-id=\"809\" src=\"https:\/\/puds.unr.edu.ar\/wp-content\/uploads\/2021\/05\/tapa2-724x1024.jpg\" alt=\"\" class=\"wp-image-809\" srcset=\"https:\/\/puds.unr.edu.ar\/wp-content\/uploads\/2021\/05\/tapa2-724x1024.jpg 724w, https:\/\/puds.unr.edu.ar\/wp-content\/uploads\/2021\/05\/tapa2-212x300.jpg 212w, https:\/\/puds.unr.edu.ar\/wp-content\/uploads\/2021\/05\/tapa2-768x1087.jpg 768w, https:\/\/puds.unr.edu.ar\/wp-content\/uploads\/2021\/05\/tapa2-1086x1536.jpg 1086w, https:\/\/puds.unr.edu.ar\/wp-content\/uploads\/2021\/05\/tapa2-1447x2048.jpg 1447w, https:\/\/puds.unr.edu.ar\/wp-content\/uploads\/2021\/05\/tapa2-700x990.jpg 700w, https:\/\/puds.unr.edu.ar\/wp-content\/uploads\/2021\/05\/tapa2-scaled.jpg 1809w\" sizes=\"auto, (max-width: 724px) 100vw, 724px\" \/><\/a><figcaption class=\"wp-element-caption\"><a href=\"https:\/\/puds.unr.edu.ar\/?p=37\"><strong>uni(+di)versidad 2<\/strong><\/a><\/figcaption><\/figure>\n\n\n\n<figure class=\"wp-block-image size-large\"><a href=\"https:\/\/puds.unr.edu.ar\/?p=444\"><img loading=\"lazy\" decoding=\"async\" width=\"724\" height=\"1024\" data-id=\"812\" src=\"https:\/\/puds.unr.edu.ar\/wp-content\/uploads\/2021\/05\/tapa-revista-2-1-724x1024.jpg\" alt=\"\" class=\"wp-image-812\" srcset=\"https:\/\/puds.unr.edu.ar\/wp-content\/uploads\/2021\/05\/tapa-revista-2-1-724x1024.jpg 724w, https:\/\/puds.unr.edu.ar\/wp-content\/uploads\/2021\/05\/tapa-revista-2-1-212x300.jpg 212w, https:\/\/puds.unr.edu.ar\/wp-content\/uploads\/2021\/05\/tapa-revista-2-1-768x1087.jpg 768w, https:\/\/puds.unr.edu.ar\/wp-content\/uploads\/2021\/05\/tapa-revista-2-1-1086x1536.jpg 1086w, https:\/\/puds.unr.edu.ar\/wp-content\/uploads\/2021\/05\/tapa-revista-2-1-1447x2048.jpg 1447w, https:\/\/puds.unr.edu.ar\/wp-content\/uploads\/2021\/05\/tapa-revista-2-1-700x990.jpg 700w, https:\/\/puds.unr.edu.ar\/wp-content\/uploads\/2021\/05\/tapa-revista-2-1-scaled.jpg 1809w\" sizes=\"auto, (max-width: 724px) 100vw, 724px\" \/><\/a><figcaption class=\"wp-element-caption\"><a href=\"https:\/\/puds.unr.edu.ar\/?p=444\"><strong>uni(+di)versidad 3<\/strong><\/a><\/figcaption><\/figure>\n\n\n\n<figure class=\"wp-block-image size-large\"><a href=\"https:\/\/puds.unr.edu.ar\/?p=770\"><img loading=\"lazy\" decoding=\"async\" width=\"724\" height=\"1024\" data-id=\"811\" src=\"https:\/\/puds.unr.edu.ar\/wp-content\/uploads\/2021\/05\/tapa4-724x1024.jpg\" alt=\"\" class=\"wp-image-811\" srcset=\"https:\/\/puds.unr.edu.ar\/wp-content\/uploads\/2021\/05\/tapa4-724x1024.jpg 724w, https:\/\/puds.unr.edu.ar\/wp-content\/uploads\/2021\/05\/tapa4-212x300.jpg 212w, https:\/\/puds.unr.edu.ar\/wp-content\/uploads\/2021\/05\/tapa4-768x1087.jpg 768w, https:\/\/puds.unr.edu.ar\/wp-content\/uploads\/2021\/05\/tapa4-1086x1536.jpg 1086w, https:\/\/puds.unr.edu.ar\/wp-content\/uploads\/2021\/05\/tapa4-1447x2048.jpg 1447w, https:\/\/puds.unr.edu.ar\/wp-content\/uploads\/2021\/05\/tapa4-700x990.jpg 700w, https:\/\/puds.unr.edu.ar\/wp-content\/uploads\/2021\/05\/tapa4-scaled.jpg 1809w\" sizes=\"auto, (max-width: 724px) 100vw, 724px\" \/><\/a><figcaption class=\"wp-element-caption\"><a href=\"https:\/\/puds.unr.edu.ar\/?p=770\"><strong>uni(+di)versidad 4<\/strong><\/a><\/figcaption><\/figure>\n\n\n\n<figure class=\"wp-block-image size-large\"><a href=\"https:\/\/puds.unr.edu.ar\/?p=1164\"><img loading=\"lazy\" decoding=\"async\" width=\"724\" height=\"1024\" data-id=\"1203\" src=\"https:\/\/puds.unr.edu.ar\/wp-content\/uploads\/2024\/12\/tapa26-1-724x1024.jpg\" alt=\"\" class=\"wp-image-1203\" srcset=\"https:\/\/puds.unr.edu.ar\/wp-content\/uploads\/2024\/12\/tapa26-1-724x1024.jpg 724w, https:\/\/puds.unr.edu.ar\/wp-content\/uploads\/2024\/12\/tapa26-1-212x300.jpg 212w, https:\/\/puds.unr.edu.ar\/wp-content\/uploads\/2024\/12\/tapa26-1-768x1086.jpg 768w, https:\/\/puds.unr.edu.ar\/wp-content\/uploads\/2024\/12\/tapa26-1-1086x1536.jpg 1086w, https:\/\/puds.unr.edu.ar\/wp-content\/uploads\/2024\/12\/tapa26-1-1448x2048.jpg 1448w, https:\/\/puds.unr.edu.ar\/wp-content\/uploads\/2024\/12\/tapa26-1-700x990.jpg 700w, https:\/\/puds.unr.edu.ar\/wp-content\/uploads\/2024\/12\/tapa26-1-scaled.jpg 1810w\" sizes=\"auto, (max-width: 724px) 100vw, 724px\" \/><\/a><figcaption class=\"wp-element-caption\"><a href=\"https:\/\/puds.unr.edu.ar\/wp-content\/uploads\/2024\/12\/Unidiversidad-5.pdf\">uni(+di)versidad 5<\/a><\/figcaption><\/figure>\n\n\n\n<figure class=\"wp-block-image size-large\"><a href=\"https:\/\/puds.unr.edu.ar\/?p=1220\"><img loading=\"lazy\" decoding=\"async\" width=\"724\" height=\"1024\" data-id=\"1229\" src=\"https:\/\/puds.unr.edu.ar\/wp-content\/uploads\/2025\/12\/tapa-6-2025-724x1024.jpg\" alt=\"\" class=\"wp-image-1229\" srcset=\"https:\/\/puds.unr.edu.ar\/wp-content\/uploads\/2025\/12\/tapa-6-2025-724x1024.jpg 724w, https:\/\/puds.unr.edu.ar\/wp-content\/uploads\/2025\/12\/tapa-6-2025-212x300.jpg 212w, https:\/\/puds.unr.edu.ar\/wp-content\/uploads\/2025\/12\/tapa-6-2025-768x1086.jpg 768w, https:\/\/puds.unr.edu.ar\/wp-content\/uploads\/2025\/12\/tapa-6-2025-700x990.jpg 700w, https:\/\/puds.unr.edu.ar\/wp-content\/uploads\/2025\/12\/tapa-6-2025.jpg 1035w\" sizes=\"auto, (max-width: 724px) 100vw, 724px\" \/><\/a><figcaption class=\"wp-element-caption\"><a href=\"https:\/\/puds.unr.edu.ar\/?p=1220\">uni(+di)versidad 6<\/a><\/figcaption><\/figure>\n<\/figure>\n\n\n\n<h2 class=\"wp-block-heading has-text-align-center\"><strong>Catalogada en<\/strong><\/h2>\n\n\n\n<div class=\"wp-block-group is-nowrap is-layout-flex wp-container-core-group-is-layout-ad2f72ca wp-block-group-is-layout-flex\">\n<div class=\"wp-block-columns is-layout-flex wp-container-core-columns-is-layout-9d6595d7 wp-block-columns-is-layout-flex\">\n<div class=\"wp-block-column is-layout-flow wp-block-column-is-layout-flow\"><div class=\"wp-block-image is-resized\">\n<figure class=\"aligncenter size-large\"><a href=\"https:\/\/rephip.unr.edu.ar\/communities\/eeee2b13-ad72-4549-b449-ca99ce0f54cd\"><img loading=\"lazy\" decoding=\"async\" width=\"1024\" height=\"1004\" src=\"https:\/\/puds.unr.edu.ar\/wp-content\/uploads\/2026\/01\/rep-hip-1024x1004.png\" alt=\"\" class=\"wp-image-1259\" style=\"width:237px;height:auto\" srcset=\"https:\/\/puds.unr.edu.ar\/wp-content\/uploads\/2026\/01\/rep-hip-1024x1004.png 1024w, https:\/\/puds.unr.edu.ar\/wp-content\/uploads\/2026\/01\/rep-hip-300x294.png 300w, https:\/\/puds.unr.edu.ar\/wp-content\/uploads\/2026\/01\/rep-hip-768x753.png 768w, https:\/\/puds.unr.edu.ar\/wp-content\/uploads\/2026\/01\/rep-hip-1536x1505.png 1536w, https:\/\/puds.unr.edu.ar\/wp-content\/uploads\/2026\/01\/rep-hip-700x686.png 700w, https:\/\/puds.unr.edu.ar\/wp-content\/uploads\/2026\/01\/rep-hip.png 1902w\" sizes=\"auto, (max-width: 1024px) 100vw, 1024px\" \/><\/a><\/figure><\/div>\n\n\n<p class=\"has-text-align-center\">Repositorio Hipermedial UNR<br><a href=\"https:\/\/rephip.unr.edu.ar\/handle\/2133\/18738\">[visitar]<\/a><\/p>\n<\/div>\n\n\n\n<div class=\"wp-block-column is-vertically-aligned-center is-layout-flow wp-block-column-is-layout-flow\"><div class=\"wp-block-image is-resized\">\n<figure class=\"aligncenter size-large\"><a href=\"https:\/\/latinrev.flacso.org.ar\/revistas\/unidiversidad-publicacion-del-programa-universitario-diversidad-sexual\"><img loading=\"lazy\" decoding=\"async\" width=\"1024\" height=\"1004\" src=\"https:\/\/puds.unr.edu.ar\/wp-content\/uploads\/2026\/01\/latin-rev-1024x1004.png\" alt=\"\" class=\"wp-image-1251\" style=\"width:237px;height:auto\" srcset=\"https:\/\/puds.unr.edu.ar\/wp-content\/uploads\/2026\/01\/latin-rev-1024x1004.png 1024w, https:\/\/puds.unr.edu.ar\/wp-content\/uploads\/2026\/01\/latin-rev-300x294.png 300w, https:\/\/puds.unr.edu.ar\/wp-content\/uploads\/2026\/01\/latin-rev-768x753.png 768w, https:\/\/puds.unr.edu.ar\/wp-content\/uploads\/2026\/01\/latin-rev-1536x1506.png 1536w, https:\/\/puds.unr.edu.ar\/wp-content\/uploads\/2026\/01\/latin-rev-700x686.png 700w, https:\/\/puds.unr.edu.ar\/wp-content\/uploads\/2026\/01\/latin-rev.png 1900w\" sizes=\"auto, (max-width: 1024px) 100vw, 1024px\" \/><\/a><\/figure><\/div>\n\n\n<p class=\"has-text-align-center\">Red latinoamericana de revistas acad\u00e9micas<br>en ciencias sociales y humanidades<br><a href=\"https:\/\/latinrev.flacso.org.ar\/revistas\/unidiversidad-publicacion-del-programa-universitario-diversidad-sexual\">[visitar]<\/a><\/p>\n<\/div>\n\n\n\n<div class=\"wp-block-column is-vertically-aligned-center is-layout-flow wp-block-column-is-layout-flow\"><div class=\"wp-block-image is-resized\">\n<figure class=\"aligncenter size-large\"><a href=\"https:\/\/puds.unr.edu.ar\/wp-content\/uploads\/2026\/01\/latinoamerica2.png\"><img loading=\"lazy\" decoding=\"async\" width=\"1024\" height=\"1003\" src=\"https:\/\/puds.unr.edu.ar\/wp-content\/uploads\/2026\/01\/latinoamerica2-1024x1003.png\" alt=\"\" class=\"wp-image-1260\" style=\"width:235px;height:auto\" srcset=\"https:\/\/puds.unr.edu.ar\/wp-content\/uploads\/2026\/01\/latinoamerica2-1024x1003.png 1024w, https:\/\/puds.unr.edu.ar\/wp-content\/uploads\/2026\/01\/latinoamerica2-300x294.png 300w, https:\/\/puds.unr.edu.ar\/wp-content\/uploads\/2026\/01\/latinoamerica2-768x753.png 768w, https:\/\/puds.unr.edu.ar\/wp-content\/uploads\/2026\/01\/latinoamerica2-700x686.png 700w, https:\/\/puds.unr.edu.ar\/wp-content\/uploads\/2026\/01\/latinoamerica2.png 1190w\" sizes=\"auto, (max-width: 1024px) 100vw, 1024px\" \/><\/a><\/figure><\/div>\n\n\n<p class=\"has-text-align-center\">Asociaci\u00f3n de Revistas Acad\u00e9micas de Humanidades y Ciencias Sociales<br><a href=\"http:\/\/latinoamericanarevistas.org\/\/?p=3545\">[visitar]<\/a><\/p>\n<\/div>\n<\/div>\n<\/div>\n\n\n\n<p><\/p>\n","protected":false},"excerpt":{"rendered":"<p>\u00abEsta publicaci\u00f3n surge y se sostiene a partir del PUDS, con el prop\u00f3sito de difundir nuevas perspectivas te\u00f3ricas, actualizar las vigentes y generar un espacio de producci\u00f3n e investigaci\u00f3n acad\u00e9mica para todxs lxs profesionales y estudiantes de la UNR, como as\u00ed tambi\u00e9n de otros \u00e1mbitos educativos que se interesen por &#8230;<\/p>\n","protected":false},"author":3,"featured_media":0,"parent":0,"menu_order":0,"comment_status":"closed","ping_status":"closed","template":"","meta":{"footnotes":""},"class_list":["post-804","page","type-page","status-publish","hentry"],"_links":{"self":[{"href":"https:\/\/puds.unr.edu.ar\/index.php?rest_route=\/wp\/v2\/pages\/804","targetHints":{"allow":["GET"]}}],"collection":[{"href":"https:\/\/puds.unr.edu.ar\/index.php?rest_route=\/wp\/v2\/pages"}],"about":[{"href":"https:\/\/puds.unr.edu.ar\/index.php?rest_route=\/wp\/v2\/types\/page"}],"author":[{"embeddable":true,"href":"https:\/\/puds.unr.edu.ar\/index.php?rest_route=\/wp\/v2\/users\/3"}],"replies":[{"embeddable":true,"href":"https:\/\/puds.unr.edu.ar\/index.php?rest_route=%2Fwp%2Fv2%2Fcomments&post=804"}],"version-history":[{"count":18,"href":"https:\/\/puds.unr.edu.ar\/index.php?rest_route=\/wp\/v2\/pages\/804\/revisions"}],"predecessor-version":[{"id":1261,"href":"https:\/\/puds.unr.edu.ar\/index.php?rest_route=\/wp\/v2\/pages\/804\/revisions\/1261"}],"wp:attachment":[{"href":"https:\/\/puds.unr.edu.ar\/index.php?rest_route=%2Fwp%2Fv2%2Fmedia&parent=804"}],"curies":[{"name":"wp","href":"https:\/\/api.w.org\/{rel}","templated":true}]}}